et t(p) = -2*p - 6. Give t(x).
6
Let z(u) = -20*u - 42. Let b(x) = -11*x - 22. Let y(g) = -7*b(g) + 4*z(g). Give y(-3).
-5
Let u = -5286 + 5268. Let t(x) = 2*x**2 + 36*x + 21. What is t(u)?
21
Suppose -2*c - 122 + 140 = 0. Let t be (-200)/72 + 6 - 2/c. Let n(l) = -14*l + 2. Determine n(t).
-40
Let u(c) = -9*c**2 - 8*c + 13. Let i be 140/180 + 4/18. Let d(j) = 2*j**2 - 1. Let q(z) = i*u(z) + 5*d(z). Determine q(7).
1
Let c(w) = 133*w. Let z(y) = 27*y. Let v(u) = 2*c(u) - 11*z(u). Let m(q) = 28*q. Let p(f) = -7*m(f) - 6*v(f). What is p(-1)?
10
Let k(i) = 11*i + 61. Let y(q) = -10*q - 57. Let w(t) = -5*k(t) - 6*y(t). Give w(-10).
-13
Let y(n) = -11*n - 7. Let r(g) = 150 + 11*g - 296 + 151. Let t(u) = 5*r(u) + 4*y(u). Let j be (-30)/(-14) + 5/(-35). What is t(j)?
19
Let d be 8/3*(4 - (-5 + 6)). Suppose 0 = d*g - 4*g + 8, 28 = 4*v - 4*g. Let r(t) = -t**3 + 6*t**2 - 3*t - 4. What is r(v)?
6
Let m(n) be the first derivative of 2*n**3/3 + 7*n**2/2 - 8*n + 1133. Determine m(-4).
-4
Let n(f) = 25*f**3 - 4*f**2 - 14*f + 22. Let k(z) = -58*z**3 + 8*z**2 + 27*z - 44. Let h(c) = -3*k(c) - 7*n(c). What is h(6)?
8
Let w(z) = -z**2 + 9*z - 4. Let o(t) = -5*t - 62 - 58 + 12 + 63 - 42. Let h be o(-19). What is w(h)?
4
Let h be (-1 + (-3 - 4/(-1)))/(-1). Let b(y) = y**3 + 2*y**2 + 2*y - 41. Determine b(h).
-41
Let x be 0 + (-1 - (-3 + -1)). Suppose 5*d - 4*z - 18 = 0, 4*z + 5 = -3*d + 3. Let j(w) = 81*w + w**d + 0 - 166*w + 1 + 80*w. Calculate j(x).
-5
Let p(j) = 315*j**2 + 13*j - 11. Let h(l) = -368*l**2 - 11*l + 10. Let o(y) = 6*h(y) + 7*p(y). Calculate o(10).
-67
Let i(w) = -5*w - 1. Let h = 20 - 19. Let r(p) = 52*p - 1. Let c be r(h). Let s = c + -50. Calculate i(s).
-6
Let n(p) = 2*p**2 + 29*p - 72. Let c = -22927 + 22910. Calculate n(c).
13
Let c be 35/10*(-1 - 1)*-1. Let s(l) = -l**2 - 2*l + 44. Give s(c).
-19
Let c be (-40)/10*(-3 + -8)/(-22). Let w(b) = -10*b**2 - 16*b - 2. What is w(c)?
-10
Suppose 2*f - 10 = -2*i, -3*i = -2*i - 2*f - 14. Let h(q) be the second derivative of q**4/12 - 7*q**3/6 - 4*q**2 + 18*q + 11. Give h(i).
0
Let t(d) = d + 17. Let i be t(12). Let r(f) = -i*f + 6 + 50*f - 25*f. What is r(4)?
-10
Let u(a) be the first derivative of -a**4/4 + 25*a**3/3 - 32*a**2 - 39*a + 574. Calculate u(22).
5
Suppose -2402 = -2*s - 2392. Let f(m) = m**3 + 4*m**2 - 5*m - 5. Let o(h) = -5*h**3 - 15*h**2 + 21*h + 19. Let k(i) = -9*f(i) - 2*o(i). Determine k(s).
-3
Let p(v) be the first derivative of -v**3/3 + 2*v**2 - 3*v - 60. Suppose o + 4*a = 2, -3*a + 2 = -3*o + 8. What is p(o)?
1
Suppose -55 = -7*x + 8. Let p = -35 - x. Let v = 38 + p. Let t(f) = f**3 + 6*f**2 - f - 7. Give t(v).
-1
Let o(n) be the third derivative of n**5/60 - 5*n**4/12 + n**3 - 9*n**2. Let h = -852 + 857. Give o(h).
-19
Let u(l) be the first derivative of 1/2*l**2 - 33 + 3*l. What is u(-5)?
-2
Let p(u) = -u**3 + 3*u**2 - 2*u - 26. Let t = -5581 + 5581. Calculate p(t).
-26
Let g(j) be the second derivative of -j**4/12 - 4*j**3/3 + 3*j**2 - j. Suppose -5*v + 1395 = 5*t, -25*t + 24*t + 1379 = 5*v. Let y = 266 - v. Give g(y).
-3
Let c(l) = l**3 - 25*l**2 - l + 24. Let o be c(25). Let d(f) = 2*f**2 + 9*f - 15. Let u(r) = -2. Let j(m) = o*d(m) + 3*u(m). Calculate j(-7).
-26
Let c(x) = -10 - 13 - 13*x - 4 + 6*x + 11. Determine c(-3).
5
Let m = -357 - -386. Let z(d) = -d + 3*d**2 - 20 + m - 3*d**2 - d**2 - 18. Let w(u) = u**3 - 6*u**2 + 6*u - 5. Let o be w(5). What is z(o)?
-9
Suppose u = -3*u + 8. Suppose u*n + 9 = 13. Let o(g) = g + 1. Let x(r) = 32*r + 36. Let q(m) = 72*o(m) - 2*x(m). Determine q(n).
16
Suppose 11 = 4*v + x, -3*v + 7 = 23*x - 22*x. Let k(j) be the third derivative of -17*j**2 + 0 + 1/24*j**v + 0*j - 2/3*j**3. Give k(-4).
-8
Suppose -12*n + 2967 - 2955 = 0. Suppose 5*i + 13 = 3*u - 11, 3 = -i. Let t(m) = -3*m - 4*m + 6*m - 1 + u*m. Determine t(n).
1
Let u(x) = -x**2 - 2*x + 181 + 12*x + 165 - 329 - x. Determine u(8).
25
Let s(q) = -q - 2. Suppose 3*f - 46 = -4*k, 2*f = 6*k - 5*k + 16. Suppose -3*h + 2*h + 5 = -4*a, -2*h + f = 2*a. Determine s(a).
-2
Let w = 252 - 252. Let s(i) = -33*i + 29*i + 21 + 5*i**2 - 58. Let p(k) = k**2 - k - 9. Let l(v) = -9*p(v) + 2*s(v). Calculate l(w).
7
Let t = 197 + -195. Let x(l) = 5006*l - 3 + 5 - l**3 - l**t - 5006*l. Calculate x(-2).
6
Let z(v) = -5*v. Suppose -3*d = -34 + 19. Suppose 26 = d*c + 1, -i + 3*c - 16 = 0. What is z(i)?
5
Let d(h) = -308*h - 549. Let i(m) = 113*m + 183. Let y(n) = -3*d(n) - 8*i(n). Give y(-9).
3
Let h(w) = -2*w + 6. Let x be h(-17). Suppose -6*i = -x*i + 136. Let p(r) = 3*r - 3. Give p(i).
9
Let f(v) = 8*v + 16. Suppose -215*p + 205*p = 20. Calculate f(p).
0
Let h(q) be the third derivative of q**7/60 + q**6/360 + 45*q**3/2 + 187*q**2. Let j(g) be the first derivative of h(g). Give j(-1).
-13
Let j(z) = -15*z + 1. Let l(v) = v**3 - v**2 + 1. Let m(w) = 3*w**3 + 17*w**2 + 13*w - 87. Let b(d) = 2*l(d) - m(d). Let q be b(-18). Determine j(q).
16
Let b(z) = 24*z**2 + 7*z - 9. Let r(j) = 1 + 5 - 10*j**2 - 7*j**2 - 9*j + 4*j. Let m(w) = -5*b(w) - 7*r(w). Calculate m(2).
-1
Let j(q) = -26*q**3 - 21*q**2 - 28*q - 8. Let t(s) = -5*s**3 - s**2 - 2*s - 2. Let v(p) = -j(p) + 5*t(p). Calculate v(-15).
-47
Let a(k) = 37*k**2 - k - 7. Let b(s) = -37*s**2 + 3*s + 8. Let x(q) = 39*q**2 - 4*q - 9. Let d(h) = -3*b(h) - 2*x(h). Let y(w) = 5*a(w) - 6*d(w). Give y(-1).
-13
Let n = 8 + -15. Let x(s) be the first derivative of s**3/3 + 3*s**2/2 - 7*s - 140. What is x(n)?
21
Suppose 21*m + 3 + 144 = 0. Let h(y) = 3*y + 15. Determine h(m).
-6
Let j(a) = a**3 + 5*a**2 + 5*a + 4. Suppose -935 = -3*c - 113. Let y = -278 + c. What is j(y)?
0
Suppose -7*r + 8 + 48 = 0. Let l(q) = 82*q**2 + 0*q - 3 - 83*q**2 + r*q + 5*q. Calculate l(13).
-3
Let t(q) = -3*q**3 - 44*q**2 - 13*q - 47. Let w(u) = -u**3 - 15*u**2 - 4*u - 16. Let d(c) = -3*t(c) + 8*w(c). Give d(-11).
57
Suppose -4*q - 3*q + 63 = 0. Suppose g - 5*d = -0*d + 22, -3*g = 4*d - q. Suppose 0 = g*o - o + 24. Let f(n) = 3*n**2 + 4*n - 1. Give f(o).
31
Suppose -7*a + 168 = 966. Let b = 111 + a. Let x(z) = -z**2 - z + 4. Calculate x(b).
-2
Let a(j) = -9*j**3 - 2*j**2 + j + 2. Let z(l) = -l**2 - 144*l - 696. Let b be z(-5). Calculate a(b).
8
Let i = -15 + 10. Let m(v) = 4*v**2 + 3*v + 7. Let l(n) = -47*n**2 + 44*n**2 + 0*n - 2*n - 6. Let b(k) = 5*l(k) + 4*m(k). What is b(i)?
13
Let q(x) be the second derivative of x**4/12 - 2*x**3/3 - 39*x**2/2 - x + 24. Let s be q(-5). Let n(r) = -r**2 + 5*r - 2. Give n(s).
-8
Let j(q) = 7*q + 63 - 68 + 34. Let f be j(-3). Let y(l) = -2*l**2 + 29*l - 23. Let a(i) = i**2 - 15*i + 12. Let d(p) = 11*a(p) + 6*y(p). Calculate d(f).
2
Let n(f) be the first derivative of -7*f**2/2 - 58*f - 1110. What is n(-7)?
-9
Let y(v) = 3*v**3 - 37*v - 3. Let d(o) = -5*o**3 + 44*o + 4. Let k(z) = 5*d(z) + 6*y(z). Give k(1).
-7
Let d(v) = v**3 + 24*v**2 - 25*v + 8. Let u = -3957 - -3932. Calculate d(u).
8
Let i = -5443 - -5437. Let b(o) = -o**3 - 6*o**2 - 5*o - 28. What is b(i)?
2
Let k(n) = 12*n**3 - 5 - 5*n**2 + 5*n - 13*n**3 + 0*n + 2*n + 8*n**2. What is k(4)?
7
Let v(t) = 2*t + 4. Suppose y + 3*y = y. Suppose y*o - 5*o + 80 = 4*c, 4*o + 4*c - 68 = 0. Suppose 5*w = -4*a - 0*w + 10, -4*a = 4*w - o. Determine v(a).
14
Let k(i) = -17*i - 13. Let s(u) = -2*u - 18. Let r(y) = y - 2. Let w(a) = 6*r(a) - s(a). Let o(c) = 6*k(c) + 13*w(c). Determine o(-6).
-12
Let f(w) = -2*w**2 + 28*w + 11. Let r be 0 + -6*(-3)/9 - (-15 + 3). What is f(r)?
11
Let v(o) = 3*o + 8*o - 2*o**2 + 10 + 3*o**2. Let u = -179 - -161. Let h(f) = f**3 + 19*f**2 + 18*f - 10. Let a be h(u). What is v(a)?
0
Suppose -2*l - 3*w + 2 = 5, 1 = l + w. Suppose 8 = -3*j + 5*t, -9*t + l*t - 24 = 3*j. Let i(k) = k**2 + 5*k - 5. Calculate i(j).
1
Let a(g) = -g**3 - 8*g**2 + g + 11. Let p be -3*(408/(-9))/(-2). Let t be (-2)/((-1)/(-2) - (-42)/p). Suppose -3*v - t = 7. Give a(v).
3
Let a(n) be the second derivative of 8*n - 3/2*n**2 + 7 + n**3 + 1/12*n**4. Calculate a(-5).
-8
Let q(r) be the second derivative of -13*r - 3*r**2 - 1/6*r**3 - 4. Calculate q(-8).
2
Let c = -4548 + 4556. Let g(o) = -o**3 + 9*o**2 - o - 11. Give g(c).
45
Let t(x) = x**2 + x - 116 - 115 + 7 + 342 - 119 + 19*x**3. Let f(w) = -w**2 + 6*w - 4. Let s be f(5). Determine t(s).
20
Let l be (-8 - -13) + -3 + 7 + -7. Let f(v) = 3*v**3 - 5*v**2 + 13*v 